907
What are the prime factors of 377383746?
2, 3, 62897291
List the prime factors of 152761514.
2, 653, 116969
List the prime factors of 3326319220.
2, 5, 7, 31, 53, 14461
List the prime factors of 397688012.
2, 19, 5232737
What are the prime factors of 3466087005?
3, 5, 23, 173, 58073
List the prime factors of 132764191.
7, 19, 41, 97, 251
What are the prime factors of 54665946?
2, 3, 37, 79, 1039
List the prime factors of 205652484.
2, 3, 79, 167, 433
List the prime factors of 4913171950.
2, 5, 79, 1243841
List the prime factors of 85041959.
31, 2743289
What are the prime factors of 91324411?
7069, 12919
List the prime factors of 3103509302.
2, 8101, 191551
What are the prime factors of 2858379677?
17, 103, 1632427
List the prime factors of 5652115457.
29, 194900533
List the prime factors of 167522864.
2, 10470179
What are the prime factors of 1690192499?
619, 2730521
List the prime factors of 117006259.
6871, 17029
What are the prime factors of 316486253?
631, 501563
List the prime factors of 74292254.
2, 23, 1615049
List the prime factors of 3938831362.
2, 73, 26978297
List the prime factors of 802324139.
802324139
List the prime factors of 45595915.
5, 19, 479957
What are the prime factors of 137493005?
5, 13, 2115277
What are the prime factors of 7317869993?
7, 131, 607, 13147
What are the prime factors of 922482719?
922482719
What are the prime factors of 1121878?
2, 560939
List the prime factors of 168288510.
2, 3, 5, 13, 19, 1747
What are the prime factors of 75234733?
7, 47, 228677
What are the prime factors of 4228782045?
3, 5, 17, 89, 389, 479
What are the prime factors of 30354403?
131, 139, 1667
What are the prime factors of 16859407?
16859407
What are the prime factors of 779955015?
3, 5, 7, 151, 49193
List the prime factors of 586060040.
2, 5, 17, 861853
List the prime factors of 129376809.
3, 43, 181, 1847
List the prime factors of 21947985.
3, 5, 487733
List the prime factors of 34636746.
2, 3, 199, 29009
List the prime factors of 583512079.
3739, 156061
What are the prime factors of 7579865?
5, 1515973
List the prime factors of 21604683.
3, 79, 91159
What are the prime factors of 105396704?
2, 7, 470521
What are the prime factors of 138523215?
3, 5, 41, 225241
List the prime factors of 572151097.
7, 31, 7687
What are the prime factors of 51234544?
2, 149, 21491
What are the prime factors of 28509296?
2, 1781831
List the prime factors of 684822885.
3, 5, 45654859
List the prime factors of 4223485988.
2, 47, 3461, 6491
What are the prime factors of 63680436?
2, 3, 17, 104053
List the prime factors of 69836063.
11, 367, 17299
What are the prime factors of 219595586?
2, 7, 157, 99907
List the prime factors of 5310626215.
5, 137, 503, 15413
List the prime factors of 75945174.
2, 3, 457, 27697
What are the prime factors of 1298603320?
2, 5, 7, 1063, 4363
List the prime factors of 4789454.
2, 79, 30313
What are the prime factors of 212435624?
2, 26554453
List the prime factors of 144530985.
3, 5, 167, 57697
What are the prime factors of 2463085266?
2, 3, 313, 1311547
List the prime factors of 69716116.
2, 17, 29, 35353
What are the prime factors of 428136392?
2, 79, 103, 6577
What are the prime factors of 19964908?
2, 127, 39301
What are the prime factors of 436744810?
2, 5, 43674481
What are the prime factors of 73108934?
2, 157, 1483
List the prime factors of 202192703.
202192703
What are the prime factors of 17539703?
937, 18719
What are the prime factors of 46362714?
2, 3, 109, 70891
List the prime factors of 184865503.
184865503
What are the prime factors of 1175122521?
3, 130569169
List the prime factors of 2344404114.
2, 3, 13, 3339607
List the prime factors of 57862486.
2, 11, 19, 138427
What are the prime factors of 43464863?
13, 1321, 2531
List the prime factors of 4217755986.
2, 3, 1459, 160603
What are the prime factors of 27749639?
83, 334333
What are the prime factors of 22399355?
5, 11, 23, 17707
List the prime factors of 74402948.
2, 17, 1094161
What are the prime factors of 1050723725?
5, 2003, 20983
What are the prime factors of 91087888?
2, 71, 181, 443
List the prime factors of 14078877.
3, 4692959
List the prime factors of 606178053.
3, 13, 457, 3779
What are the prime factors of 85808383?
3527, 24329
What are the prime factors of 2664534?
2, 3, 444089
List the prime factors of 1487607627.
3, 11, 17, 2651707
List the prime factors of 1447005929.
1447005929
What are the prime factors of 5094551?
7, 11, 109, 607
What are the prime factors of 58557980?
2, 5, 13, 225223
What are the prime factors of 500118021?
3, 13, 29, 147397
List the prime factors of 28813461.
3, 9604487
List the prime factors of 1444218571.
53, 27249407
List the prime factors of 22420086.
2, 3, 13, 287437
What are the prime factors of 76845390?
2, 3, 5, 2561513
List the prime factors of 15405275.
5, 616211
What are the prime factors of 38151006?
2, 3, 67, 94903
List the prime factors of 313536421.
11, 101, 241, 1171
List the prime factors of 1762252754.
2, 3449, 255473
What are the prime factors of 4084814064?
2, 3, 229, 371617
List the prime factors of 39169669.
7, 11, 72671
What are the prime factors of 19244319?
3, 6414773
List the prime factors of 105192806.
2, 3089, 17027
List the prime factors of 221927554.
2, 17, 37, 176413
What are the prime factors of 899356?
2, 151, 1489
List the prime factors of 8792146.
2, 11, 399643
What are the prime factors of 332799412?
2, 11, 17, 59, 7541
What are the prime factors of 65941114?
2, 59, 137, 4079
What are the prime factors of 104904537?
3, 59, 592681
What are the prime factors of 6245351933?
6245351933
What are the prime factors of 7195193358?
2, 3, 19973, 60041
List the prime factors of 21257313.
3, 7, 11, 23, 4001
What are the prime factors of 253464905?
5, 331, 153151
What are the prime factors of 48230868?
2, 3, 7, 71, 8087
What are the prime factors of 1065981135?
3, 5, 71065409
What are the prime factors of 3342096284?
2, 379, 1459, 1511
What are the prime factors of 3345978354?
2, 3, 557663059
List the prime factors of 41291938.
2, 31, 641, 1039
What are the prime factors of 214370253?
3, 421, 18859
What are the prime factors of 1927244527?
13, 3067, 48337
List the prime factors of 3019063555.
5, 73, 8271407
List the prime factors of 46504153.
19, 37, 83, 797
List the prime factors of 419887151.
419887151
List the prime factors of 94277171.
4679, 20149
List the prime factors of 46766770.
2, 5, 673, 6949
List the prime factors of 63694227.
3, 1069, 19861
What are the prime factors of 591628659?
3, 197209553
List the prime factors of 65849998.
2, 4111, 8009
List the prime factors of 528261944.
2, 7, 17, 4663
What are the prime factors of 1883356091?
1883356091
List the prime factors of 2394126057.
3, 613, 1301863
List the prime factors of 54024875.
5, 432199
What are the prime factors of 144531264?
2, 3, 23, 1423
What are the prime factors of 31829105?
5, 7, 11, 47, 1759
List the prime factors of 105446914.
2, 52723457
What are the prime factors of 4201133814?
2, 3, 19, 12284017
List the prime factors of 90035925.
3, 5, 7, 317, 541
What are the prime factors of 8017099?
41, 195539
What are the prime factors of 652635776?
2, 13, 392209
List the prime factors of 3802977201.
3, 107, 11847281
What are the prime factors of 2626689391?
32309, 81299
List the prime factors of 186951205.
5, 7, 5341463
What are the prime factors of 53600375?
5, 227, 1889
List the prime factors of 35847310.
2, 5, 1021, 3511
List the prime factors of 202893136.
2, 12680821
List the prime factors of 102682110.
2, 3, 5, 3422737
What are the prime factors of 572169405?
3, 5, 38144627
List the prime factors of 1839503231.
1949, 943819
List the prime factors of 1883044139.
727, 2590157
List the prime factors of 94208642.
2, 11, 269, 15919
What are the prime factors of 50463687?
3, 2129, 7901
What are the prime factors of 5855508?
2, 3, 311, 523
List the prime factors of 59463821.
1607, 37003
What are the prime factors of 6003376666?
2, 7, 1871, 229189
What are the prime factors of 3427635699?
3, 380848411
List the prime factors of 17319154.
2, 281, 30817
List the prime factors of 46484190.
2, 3, 5, 31, 16661
List the prime factors of 166622661.
3, 17, 29, 47
List the prime factors of 36653911.
7, 748039
What are the pr